{"id":12937,"date":"2024-03-28T05:18:34","date_gmt":"2024-03-28T12:18:34","guid":{"rendered":"https:\/\/www.cm12ernici.it\/?page_id=12937"},"modified":"2025-03-06T08:04:14","modified_gmt":"2025-03-06T15:04:14","slug":"home","status":"publish","type":"page","link":"https:\/\/www.cm12ernici.it\/","title":{"rendered":"Home"},"content":{"rendered":"\t\t<div data-elementor-type=\"wp-page\" data-elementor-id=\"12937\" class=\"elementor elementor-12937\" data-elementor-post-type=\"page\">\n\t\t\t\t<div class=\"elementor-element elementor-element-39a3bc1 e-con-full e-flex e-con e-parent\" data-id=\"39a3bc1\" data-element_type=\"container\" data-e-type=\"container\" data-settings=\"{&quot;background_background&quot;:&quot;classic&quot;}\">\n\t\t\t\t<div class=\"elementor-element elementor-element-1f841a8 elementor--h-position-right elementor--v-position-bottom elementor-arrows-position-inside elementor-pagination-position-inside elementor-widget elementor-widget-slides\" data-id=\"1f841a8\" data-element_type=\"widget\" data-e-type=\"widget\" data-settings=\"{&quot;navigation&quot;:&quot;both&quot;,&quot;autoplay&quot;:&quot;yes&quot;,&quot;pause_on_hover&quot;:&quot;yes&quot;,&quot;pause_on_interaction&quot;:&quot;yes&quot;,&quot;autoplay_speed&quot;:5000,&quot;infinite&quot;:&quot;yes&quot;,&quot;transition&quot;:&quot;slide&quot;,&quot;transition_speed&quot;:500}\" data-widget_type=\"slides.default\">\n\t\t\t\t<div class=\"elementor-widget-container\">\n\t\t\t\t\t\t\t\t\t<div class=\"elementor-swiper\">\n\t\t\t\t\t<div class=\"elementor-slides-wrapper elementor-main-swiper swiper\" role=\"region\" aria-roledescription=\"carousel\" aria-label=\"Slides\" dir=\"ltr\" data-animation=\"fadeInUp\">\n\t\t\t\t<div class=\"swiper-wrapper elementor-slides\">\n\t\t\t\t\t\t\t\t\t\t<div class=\"elementor-repeater-item-bfb6613 swiper-slide\" role=\"group\" aria-roledescription=\"slide\"><div class=\"swiper-slide-bg\" role=\"img\" aria-label=\"Acuto_home_small\"><\/div><div class=\"swiper-slide-inner\" ><div class=\"swiper-slide-contents\"><div class=\"elementor-slide-heading\">ACUTO<\/div><\/div><\/div><\/div><div class=\"elementor-repeater-item-745746f swiper-slide\" role=\"group\" aria-roledescription=\"slide\"><div class=\"swiper-slide-bg\" role=\"img\" aria-label=\"Alatri\"><\/div><div class=\"swiper-slide-inner\" ><div class=\"swiper-slide-contents\"><div class=\"elementor-slide-heading\">ALATRI<\/div><\/div><\/div><\/div><div class=\"elementor-repeater-item-1dcd0c3 swiper-slide\" role=\"group\" aria-roledescription=\"slide\"><div class=\"swiper-slide-bg\" role=\"img\" aria-label=\"anagni_home_small\"><\/div><div class=\"swiper-slide-inner\" ><div class=\"swiper-slide-contents\"><div class=\"elementor-slide-heading\">ANAGNI<\/div><\/div><\/div><\/div><div class=\"elementor-repeater-item-33dceb2 swiper-slide\" role=\"group\" aria-roledescription=\"slide\"><div class=\"swiper-slide-bg\" role=\"img\" aria-label=\"boville_small\"><\/div><div class=\"swiper-slide-inner\" ><div class=\"swiper-slide-contents\"><div class=\"elementor-slide-heading\">BOVILLE ERNICA<\/div><\/div><\/div><\/div><div class=\"elementor-repeater-item-213898e swiper-slide\" role=\"group\" aria-roledescription=\"slide\"><div class=\"swiper-slide-bg\" role=\"img\" aria-label=\"Collepardo_paesemongood_seg\"><\/div><div class=\"swiper-slide-inner\" ><div class=\"swiper-slide-contents\"><div class=\"elementor-slide-heading\">COLLEPARDO<\/div><\/div><\/div><\/div><div class=\"elementor-repeater-item-8d2b8e0 swiper-slide\" role=\"group\" aria-roledescription=\"slide\"><div class=\"swiper-slide-bg\" role=\"img\" aria-label=\"filettino_home_small\"><\/div><div class=\"swiper-slide-inner\" ><div class=\"swiper-slide-contents\"><div class=\"elementor-slide-heading\">FILETTINO<\/div><\/div><\/div><\/div><div class=\"elementor-repeater-item-3b0e70d swiper-slide\" role=\"group\" aria-roledescription=\"slide\"><div class=\"swiper-slide-bg\" role=\"img\" aria-label=\"FIUGGI-CANTERNO_0\"><\/div><div class=\"swiper-slide-inner\" ><div class=\"swiper-slide-contents\"><div class=\"elementor-slide-heading\">FIUGGI<\/div><\/div><\/div><\/div><div class=\"elementor-repeater-item-3fc1004 swiper-slide\" role=\"group\" aria-roledescription=\"slide\"><div class=\"swiper-slide-bg\" role=\"img\" aria-label=\"0001\"><\/div><div class=\"swiper-slide-inner\" ><div class=\"swiper-slide-contents\"><div class=\"elementor-slide-heading\">FUMONE<\/div><\/div><\/div><\/div><div class=\"elementor-repeater-item-290f4ac swiper-slide\" role=\"group\" aria-roledescription=\"slide\"><div class=\"swiper-slide-bg\" role=\"img\" aria-label=\"guarcino_small\"><\/div><div class=\"swiper-slide-inner\" ><div class=\"swiper-slide-contents\"><div class=\"elementor-slide-heading\">GUARCINO<\/div><\/div><\/div><\/div><div class=\"elementor-repeater-item-231c93c swiper-slide\" role=\"group\" aria-roledescription=\"slide\"><div class=\"swiper-slide-bg\" role=\"img\" aria-label=\"MONTE SAN GIOVANNI CAMPANO (4)\"><\/div><div class=\"swiper-slide-inner\" ><div class=\"swiper-slide-contents\"><div class=\"elementor-slide-heading\">MONTE SAN GIOVANNI CAMPANO<\/div><\/div><\/div><\/div>\t\t\t\t<\/div>\n\t\t\t\t\t\t\t\t\t\t\t\t\t\t\t<div class=\"elementor-swiper-button elementor-swiper-button-prev\" role=\"button\" tabindex=\"0\" aria-label=\"Diapositiva precedente\">\n\t\t\t\t\t\t\t<svg aria-hidden=\"true\" class=\"e-font-icon-svg e-eicon-chevron-left\" viewBox=\"0 0 1000 1000\" xmlns=\"http:\/\/www.w3.org\/2000\/svg\"><path d=\"M646 125C629 125 613 133 604 142L308 442C296 454 292 471 292 487 292 504 296 521 308 533L604 854C617 867 629 875 646 875 663 875 679 871 692 858 704 846 713 829 713 812 713 796 708 779 692 767L438 487 692 225C700 217 708 204 708 187 708 171 704 154 692 142 675 129 663 125 646 125Z\"><\/path><\/svg>\t\t\t\t\t\t<\/div>\n\t\t\t\t\t\t<div class=\"elementor-swiper-button elementor-swiper-button-next\" role=\"button\" tabindex=\"0\" aria-label=\"Prossima diapositiva\">\n\t\t\t\t\t\t\t<svg aria-hidden=\"true\" class=\"e-font-icon-svg e-eicon-chevron-right\" viewBox=\"0 0 1000 1000\" xmlns=\"http:\/\/www.w3.org\/2000\/svg\"><path d=\"M696 533C708 521 713 504 713 487 713 471 708 454 696 446L400 146C388 133 375 125 354 125 338 125 325 129 313 142 300 154 292 171 292 187 292 204 296 221 308 233L563 492 304 771C292 783 288 800 288 817 288 833 296 850 308 863 321 871 338 875 354 875 371 875 388 867 400 854L696 533Z\"><\/path><\/svg>\t\t\t\t\t\t<\/div>\n\t\t\t\t\t\t\t\t\t\t\t\t\t\t\t\t<div class=\"swiper-pagination\"><\/div>\n\t\t\t\t\t\t\t\t\t\t\t\t<\/div>\n\t\t\t\t<\/div>\n\t\t\t\t\t\t\t\t<\/div>\n\t\t\t\t<\/div>\n\t\t\t\t<\/div>\n\t\t<div class=\"elementor-element elementor-element-98dab5a e-flex e-con-boxed e-con e-parent\" data-id=\"98dab5a\" data-element_type=\"container\" data-e-type=\"container\" data-settings=\"{&quot;background_background&quot;:&quot;classic&quot;}\">\n\t\t\t\t\t<div class=\"e-con-inner\">\n\t\t<div class=\"elementor-element elementor-element-ae1256f e-con-full e-flex e-con e-child\" data-id=\"ae1256f\" data-element_type=\"container\" data-e-type=\"container\">\n\t\t\t\t<div class=\"elementor-element elementor-element-e36d7da elementor-widget elementor-widget-heading\" data-id=\"e36d7da\" data-element_type=\"widget\" data-e-type=\"widget\" data-widget_type=\"heading.default\">\n\t\t\t\t<div class=\"elementor-widget-container\">\n\t\t\t\t\t<h2 class=\"elementor-heading-title elementor-size-default\">XII Comunit\u00e0 Montana del Lazio - Monti Ernici<\/h2>\t\t\t\t<\/div>\n\t\t\t\t<\/div>\n\t\t\t\t<div class=\"elementor-element elementor-element-b8f9ae9 elementor-widget elementor-widget-text-editor\" data-id=\"b8f9ae9\" data-element_type=\"widget\" data-e-type=\"widget\" data-widget_type=\"text-editor.default\">\n\t\t\t\t<div class=\"elementor-widget-container\">\n\t\t\t\t\t\t\t\t\tLa Comunit\u00e0 Montana \u00e8 un Ente Pubblico Locale sovracomunale costituito fra Comuni Montani per la valorizzazione e sviluppo delle zone di montagna, attraverso funzioni proprie e\/o delegate dalla Regione o dai Comuni.\n(Art. 44 della Costituzione : \u201cLa legge dispone provvedimenti a favore delle zone montane\u201c)\t\t\t\t\t\t\t\t<\/div>\n\t\t\t\t<\/div>\n\t\t\t\t<\/div>\n\t\t<div class=\"elementor-element elementor-element-418b11c e-con-full e-flex e-con e-child\" data-id=\"418b11c\" data-element_type=\"container\" data-e-type=\"container\">\n\t\t\t\t<div class=\"elementor-element elementor-element-2100ac0 elementor-widget elementor-widget-image\" data-id=\"2100ac0\" data-element_type=\"widget\" data-e-type=\"widget\" data-widget_type=\"image.default\">\n\t\t\t\t<div class=\"elementor-widget-container\">\n\t\t\t\t\t\t\t\t\t\t\t\t\t\t\t<img decoding=\"async\" width=\"100\" height=\"100\" src=\"https:\/\/www.cm12ernici.it\/wp-content\/uploads\/2010\/01\/logo2.gif\" class=\"attachment-1536x1536 size-1536x1536 wp-image-69\" alt=\"\" \/>\t\t\t\t\t\t\t\t\t\t\t\t\t\t\t<\/div>\n\t\t\t\t<\/div>\n\t\t\t\t<\/div>\n\t\t\t\t\t<\/div>\n\t\t\t\t<\/div>\n\t\t<div class=\"elementor-element elementor-element-c6a3511 e-flex e-con-boxed e-con e-parent\" data-id=\"c6a3511\" data-element_type=\"container\" data-e-type=\"container\">\n\t\t\t\t\t<div class=\"e-con-inner\">\n\t\t\t\t<div class=\"elementor-element elementor-element-295e884 elementor-widget elementor-widget-spacer\" data-id=\"295e884\" data-element_type=\"widget\" data-e-type=\"widget\" data-widget_type=\"spacer.default\">\n\t\t\t\t<div class=\"elementor-widget-container\">\n\t\t\t\t\t\t\t<div class=\"elementor-spacer\">\n\t\t\t<div class=\"elementor-spacer-inner\"><\/div>\n\t\t<\/div>\n\t\t\t\t\t\t<\/div>\n\t\t\t\t<\/div>\n\t\t\t\t<div class=\"elementor-element elementor-element-7b8b98f elementor-widget elementor-widget-spacer\" data-id=\"7b8b98f\" data-element_type=\"widget\" data-e-type=\"widget\" data-widget_type=\"spacer.default\">\n\t\t\t\t<div class=\"elementor-widget-container\">\n\t\t\t\t\t\t\t<div class=\"elementor-spacer\">\n\t\t\t<div class=\"elementor-spacer-inner\"><\/div>\n\t\t<\/div>\n\t\t\t\t\t\t<\/div>\n\t\t\t\t<\/div>\n\t\t\t\t\t<\/div>\n\t\t\t\t<\/div>\n\t\t<div class=\"elementor-element elementor-element-de0dbbd e-flex e-con-boxed e-con e-parent\" data-id=\"de0dbbd\" data-element_type=\"container\" data-e-type=\"container\">\n\t\t\t\t\t<div class=\"e-con-inner\">\n\t\t<div class=\"elementor-element elementor-element-7361cfe e-flex e-con-boxed e-con e-child\" data-id=\"7361cfe\" data-element_type=\"container\" data-e-type=\"container\">\n\t\t\t\t\t<div class=\"e-con-inner\">\n\t\t\t\t<div class=\"elementor-element elementor-element-5b2b586 elementor-widget elementor-widget-image\" data-id=\"5b2b586\" data-element_type=\"widget\" data-e-type=\"widget\" data-widget_type=\"image.default\">\n\t\t\t\t<div class=\"elementor-widget-container\">\n\t\t\t\t\t\t\t\t\t\t\t\t\t\t\t<img decoding=\"async\" src=\"https:\/\/www.cm12ernici.it\/wp-content\/uploads\/elementor\/thumbs\/Acuto_home_small-e1275825812464-lomlxxrknmxage432qhz4z2gd6ac9u3m9cj115z7hg.jpg\" title=\"Acuto_home_small\" alt=\"Acuto_home_small\" loading=\"lazy\" \/>\t\t\t\t\t\t\t\t\t\t\t\t\t\t\t<\/div>\n\t\t\t\t<\/div>\n\t\t\t\t\t<\/div>\n\t\t\t\t<\/div>\n\t\t<div class=\"elementor-element elementor-element-d3560df e-con-full e-flex e-con e-child\" data-id=\"d3560df\" data-element_type=\"container\" data-e-type=\"container\">\n\t\t\t\t<div class=\"elementor-element elementor-element-e806a64 elementor-widget elementor-widget-image\" data-id=\"e806a64\" data-element_type=\"widget\" data-e-type=\"widget\" data-widget_type=\"image.default\">\n\t\t\t\t<div class=\"elementor-widget-container\">\n\t\t\t\t\t\t\t\t\t\t\t\t\t\t\t<img decoding=\"async\" src=\"https:\/\/www.cm12ernici.it\/wp-content\/uploads\/elementor\/thumbs\/alatri_home_small-e1275826351585-lomlxwtqgsw04s5g883ckhazrsez24zvx7vjjw0lno.jpg\" title=\"alatri_home_small\" alt=\"alatri_home_small\" loading=\"lazy\" \/>\t\t\t\t\t\t\t\t\t\t\t\t\t\t\t<\/div>\n\t\t\t\t<\/div>\n\t\t\t\t<\/div>\n\t\t<div class=\"elementor-element elementor-element-9daa3e7 e-con-full e-flex e-con e-child\" data-id=\"9daa3e7\" data-element_type=\"container\" data-e-type=\"container\">\n\t\t\t\t<div class=\"elementor-element elementor-element-597c478 elementor-widget elementor-widget-image\" data-id=\"597c478\" data-element_type=\"widget\" data-e-type=\"widget\" data-widget_type=\"image.default\">\n\t\t\t\t<div class=\"elementor-widget-container\">\n\t\t\t\t\t\t\t\t\t\t\t\t\t\t\t<img decoding=\"async\" src=\"https:\/\/www.cm12ernici.it\/wp-content\/uploads\/elementor\/thumbs\/anagni_home_small-e1275826973164-lomly1ixez2fqtymgs4hey4aqprt4mijlv4yy9tmsk.jpg\" title=\"anagni_home_small\" alt=\"anagni_home_small\" loading=\"lazy\" \/>\t\t\t\t\t\t\t\t\t\t\t\t\t\t\t<\/div>\n\t\t\t\t<\/div>\n\t\t\t\t<\/div>\n\t\t<div class=\"elementor-element elementor-element-4b3ad80 e-con-full e-flex e-con e-child\" data-id=\"4b3ad80\" data-element_type=\"container\" data-e-type=\"container\">\n\t\t\t\t<div class=\"elementor-element elementor-element-725c760 elementor-widget elementor-widget-image\" data-id=\"725c760\" data-element_type=\"widget\" data-e-type=\"widget\" data-widget_type=\"image.default\">\n\t\t\t\t<div class=\"elementor-widget-container\">\n\t\t\t\t\t\t\t\t\t\t\t\t\t\t\t<img decoding=\"async\" src=\"https:\/\/www.cm12ernici.it\/wp-content\/uploads\/elementor\/thumbs\/boville_small-e1275827609307-lomlxxrknmxage432qhz4z2gd6ac9u3m9cj115z7hg.jpg\" title=\"boville_small\" alt=\"boville_small\" loading=\"lazy\" \/>\t\t\t\t\t\t\t\t\t\t\t\t\t\t\t<\/div>\n\t\t\t\t<\/div>\n\t\t\t\t<\/div>\n\t\t\t\t\t<\/div>\n\t\t\t\t<\/div>\n\t\t<div class=\"elementor-element elementor-element-7bea287 e-flex e-con-boxed e-con e-parent\" data-id=\"7bea287\" data-element_type=\"container\" data-e-type=\"container\">\n\t\t\t\t\t<div class=\"e-con-inner\">\n\t\t<div class=\"elementor-element elementor-element-2e692b0 e-flex e-con-boxed e-con e-child\" data-id=\"2e692b0\" data-element_type=\"container\" data-e-type=\"container\">\n\t\t\t\t\t<div class=\"e-con-inner\">\n\t\t\t\t<div class=\"elementor-element elementor-element-51144a4 elementor-widget elementor-widget-heading\" data-id=\"51144a4\" data-element_type=\"widget\" data-e-type=\"widget\" data-widget_type=\"heading.default\">\n\t\t\t\t<div class=\"elementor-widget-container\">\n\t\t\t\t\t<h2 class=\"elementor-heading-title elementor-size-default\">Organi Politici<\/h2>\t\t\t\t<\/div>\n\t\t\t\t<\/div>\n\t\t\t\t<div class=\"elementor-element elementor-element-d38868f elementor-widget elementor-widget-text-editor\" data-id=\"d38868f\" data-element_type=\"widget\" data-e-type=\"widget\" data-widget_type=\"text-editor.default\">\n\t\t\t\t<div class=\"elementor-widget-container\">\n\t\t\t\t\t\t\t\t\tGli organi politici della XII Comunit\u00e0 Montana del Lazio \u2018Monti Ernici\u2019 sono: Consiglio comunitario Il consiglio comunitario della comunit\u00e0 montana \u00e8 composto da un numero massimo di 3 rappresentanti per ognuno dei comuni facenti parte della comunit\u00e0 montana secondo la normativa vigente e dura in carica cinque anni a partire dalla data di insediamento. Il [\u2026]\t\t\t\t\t\t\t\t<\/div>\n\t\t\t\t<\/div>\n\t\t\t\t\t<\/div>\n\t\t\t\t<\/div>\n\t\t<div class=\"elementor-element elementor-element-6280a73 e-con-full e-flex e-con e-child\" data-id=\"6280a73\" data-element_type=\"container\" data-e-type=\"container\">\n\t\t\t\t<div class=\"elementor-element elementor-element-1eb6b5f elementor-widget elementor-widget-heading\" data-id=\"1eb6b5f\" data-element_type=\"widget\" data-e-type=\"widget\" data-widget_type=\"heading.default\">\n\t\t\t\t<div class=\"elementor-widget-container\">\n\t\t\t\t\t<h2 class=\"elementor-heading-title elementor-size-default\">Posta Elettronica Certificata<\/h2>\t\t\t\t<\/div>\n\t\t\t\t<\/div>\n\t\t\t\t<div class=\"elementor-element elementor-element-5cc31a0 elementor-widget elementor-widget-text-editor\" data-id=\"5cc31a0\" data-element_type=\"widget\" data-e-type=\"widget\" data-widget_type=\"text-editor.default\">\n\t\t\t\t<div class=\"elementor-widget-container\">\n\t\t\t\t\t\t\t\t\tcm12ernici@pec.it\t\t\t\t\t\t\t\t<\/div>\n\t\t\t\t<\/div>\n\t\t\t\t<\/div>\n\t\t<div class=\"elementor-element elementor-element-18fd4ca e-con-full e-flex e-con e-child\" data-id=\"18fd4ca\" data-element_type=\"container\" data-e-type=\"container\">\n\t\t\t\t<div class=\"elementor-element elementor-element-998d20b elementor-widget elementor-widget-heading\" data-id=\"998d20b\" data-element_type=\"widget\" data-e-type=\"widget\" data-widget_type=\"heading.default\">\n\t\t\t\t<div class=\"elementor-widget-container\">\n\t\t\t\t\t<h2 class=\"elementor-heading-title elementor-size-default\">Posizione Geografica<\/h2>\t\t\t\t<\/div>\n\t\t\t\t<\/div>\n\t\t\t\t<div class=\"elementor-element elementor-element-abcf4fc elementor-widget elementor-widget-image\" data-id=\"abcf4fc\" data-element_type=\"widget\" data-e-type=\"widget\" data-widget_type=\"image.default\">\n\t\t\t\t<div class=\"elementor-widget-container\">\n\t\t\t\t\t\t\t\t\t\t\t\t\t\t\t<img fetchpriority=\"high\" decoding=\"async\" width=\"306\" height=\"271\" src=\"https:\/\/www.cm12ernici.it\/wp-content\/uploads\/2014\/03\/mappa2.png\" class=\"attachment-large size-large wp-image-4720\" alt=\"\" srcset=\"https:\/\/www.cm12ernici.it\/wp-content\/uploads\/2014\/03\/mappa2.png 306w, https:\/\/www.cm12ernici.it\/wp-content\/uploads\/2014\/03\/mappa2-300x265.png 300w\" sizes=\"(max-width: 306px) 100vw, 306px\" \/>\t\t\t\t\t\t\t\t\t\t\t\t\t\t\t<\/div>\n\t\t\t\t<\/div>\n\t\t\t\t<div class=\"elementor-element elementor-element-b3146d2 elementor-align-right elementor-widget elementor-widget-button\" data-id=\"b3146d2\" data-element_type=\"widget\" data-e-type=\"widget\" data-widget_type=\"button.default\">\n\t\t\t\t<div class=\"elementor-widget-container\">\n\t\t\t\t\t\t\t\t\t<div class=\"elementor-button-wrapper\">\n\t\t\t\t\t<a class=\"elementor-button elementor-button-link elementor-size-sm\" href=\"#\">\n\t\t\t\t\t\t<span class=\"elementor-button-content-wrapper\">\n\t\t\t\t\t\t\t\t\t<span class=\"elementor-button-text\">I  nostri Comuni<\/span>\n\t\t\t\t\t<\/span>\n\t\t\t\t\t<\/a>\n\t\t\t\t<\/div>\n\t\t\t\t\t\t\t\t<\/div>\n\t\t\t\t<\/div>\n\t\t\t\t<\/div>\n\t\t\t\t\t<\/div>\n\t\t\t\t<\/div>\n\t\t<div class=\"elementor-element elementor-element-94dc558 e-flex e-con-boxed e-con e-parent\" data-id=\"94dc558\" data-element_type=\"container\" data-e-type=\"container\">\n\t\t\t\t\t<div class=\"e-con-inner\">\n\t\t\t\t<div class=\"elementor-element elementor-element-9faaa14 elementor-grid-3 elementor-grid-tablet-2 elementor-grid-mobile-1 elementor-posts--thumbnail-top elementor-posts--show-avatar elementor-card-shadow-yes elementor-posts__hover-gradient elementor-widget elementor-widget-posts\" data-id=\"9faaa14\" data-element_type=\"widget\" data-e-type=\"widget\" data-settings=\"{&quot;cards_columns&quot;:&quot;3&quot;,&quot;cards_columns_tablet&quot;:&quot;2&quot;,&quot;cards_columns_mobile&quot;:&quot;1&quot;,&quot;cards_row_gap&quot;:{&quot;unit&quot;:&quot;px&quot;,&quot;size&quot;:35,&quot;sizes&quot;:[]},&quot;cards_row_gap_tablet&quot;:{&quot;unit&quot;:&quot;px&quot;,&quot;size&quot;:&quot;&quot;,&quot;sizes&quot;:[]},&quot;cards_row_gap_mobile&quot;:{&quot;unit&quot;:&quot;px&quot;,&quot;size&quot;:&quot;&quot;,&quot;sizes&quot;:[]}}\" data-widget_type=\"posts.cards\">\n\t\t\t\t<div class=\"elementor-widget-container\">\n\t\t\t\t\t\t\t<div class=\"elementor-posts-container elementor-posts elementor-posts--skin-cards elementor-grid\" role=\"list\">\n\t\t\t\t<article class=\"elementor-post elementor-grid-item post-14670 post type-post status-publish format-standard has-post-thumbnail hentry category-in-evidenza category-news-eventi\" role=\"listitem\">\n\t\t\t<div class=\"elementor-post__card\">\n\t\t\t\t<a class=\"elementor-post__thumbnail__link\" href=\"https:\/\/www.cm12ernici.it\/?p=14670\" tabindex=\"-1\" ><div class=\"elementor-post__thumbnail\"><img decoding=\"async\" width=\"300\" height=\"251\" src=\"https:\/\/www.cm12ernici.it\/wp-content\/uploads\/2026\/04\/3f46019e-8a04-4c1f-a0c3-e2d05e1622a3-1-300x251.jpeg\" class=\"attachment-medium size-medium wp-image-14671\" alt=\"\" srcset=\"https:\/\/www.cm12ernici.it\/wp-content\/uploads\/2026\/04\/3f46019e-8a04-4c1f-a0c3-e2d05e1622a3-1-300x251.jpeg 300w, https:\/\/www.cm12ernici.it\/wp-content\/uploads\/2026\/04\/3f46019e-8a04-4c1f-a0c3-e2d05e1622a3-1-1024x858.jpeg 1024w, https:\/\/www.cm12ernici.it\/wp-content\/uploads\/2026\/04\/3f46019e-8a04-4c1f-a0c3-e2d05e1622a3-1-768x644.jpeg 768w, https:\/\/www.cm12ernici.it\/wp-content\/uploads\/2026\/04\/3f46019e-8a04-4c1f-a0c3-e2d05e1622a3-1-1536x1287.jpeg 1536w, https:\/\/www.cm12ernici.it\/wp-content\/uploads\/2026\/04\/3f46019e-8a04-4c1f-a0c3-e2d05e1622a3-1.jpeg 1600w\" sizes=\"(max-width: 300px) 100vw, 300px\" \/><\/div><\/a>\n\t\t\t\t<div class=\"elementor-post__badge\">In evidenza<\/div>\n\t\t\t\t<div class=\"elementor-post__avatar\">\n\t\t\t<img alt='Raponi' src='https:\/\/secure.gravatar.com\/avatar\/784238f69b4174ac10e493361ebf3dc52c8ff3bd44e412a3742f6f4beb69e69a?s=128&#038;d=mm&#038;r=g' srcset='https:\/\/secure.gravatar.com\/avatar\/784238f69b4174ac10e493361ebf3dc52c8ff3bd44e412a3742f6f4beb69e69a?s=256&#038;d=mm&#038;r=g 2x' class='avatar avatar-128 photo' height='128' width='128' \/>\t\t<\/div>\n\t\t\t\t<div class=\"elementor-post__text\">\n\t\t\t\t<h3 class=\"elementor-post__title\">\n\t\t\t<a href=\"https:\/\/www.cm12ernici.it\/?p=14670\" >\n\t\t\t\tVenerd\u00ec 17 Aprile ore 17:00 &#8211; Presentazione della Legge Regionale n. 6\/2026 &#8220;Contributi per favorire l&#8217;uso agricolo nelle zone montane&#8221;\t\t\t<\/a>\n\t\t<\/h3>\n\t\t\t\t<div class=\"elementor-post__excerpt\">\n\t\t\t\t\t<\/div>\n\t\t\n\t\t<a class=\"elementor-post__read-more\" href=\"https:\/\/www.cm12ernici.it\/?p=14670\" aria-label=\"Leggi tutto Venerd\u00ec 17 Aprile ore 17:00 &#8211; Presentazione della Legge Regionale n. 6\/2026 &#8220;Contributi per favorire l&#8217;uso agricolo nelle zone montane&#8221;\" tabindex=\"-1\" >\n\t\t\tLeggi Tutto \u00bb\t\t<\/a>\n\n\t\t\t\t<\/div>\n\t\t\t\t<div class=\"elementor-post__meta-data\">\n\t\t\t\t\t<span class=\"elementor-post-date\">\n\t\t\t13 Aprile 2026\t\t<\/span>\n\t\t\t\t<span class=\"elementor-post-avatar\">\n\t\t\tNessun commento\t\t<\/span>\n\t\t\t\t<\/div>\n\t\t\t\t\t<\/div>\n\t\t<\/article>\n\t\t\t\t<\/div>\n\t\t\n\t\t\t\t\t\t<\/div>\n\t\t\t\t<\/div>\n\t\t\t\t\t<\/div>\n\t\t\t\t<\/div>\n\t\t\t\t<\/div>\n\t\t","protected":false},"excerpt":{"rendered":"<p>ACUTOALATRIANAGNIBOVILLE ERNICACOLLEPARDOFILETTINOFIUGGIFUMONEGUARCINOMONTE SAN GIOVANNI CAMPANO XII Comunit\u00e0 Montana del Lazio &#8211; Monti Ernici La Comunit\u00e0 Montana \u00e8 un Ente Pubblico Locale sovracomunale costituito fra Comuni Montani per la valorizzazione e sviluppo delle zone di montagna, attraverso funzioni proprie e\/o delegate dalla Regione o dai Comuni. (Art. 44 della Costituzione : \u201cLa legge dispone provvedimenti a &hellip; <a href=\"https:\/\/www.cm12ernici.it\/?p=14670\" class=\"more-link\">Continua la lettura di <span class=\"screen-reader-text\">Venerd\u00ec 17 Aprile ore 17:00 &#8211; Presentazione della Legge Regionale n. 6\/2026 &#8220;Contributi per favorire l&#8217;uso agricolo nelle zone montane&#8221;<\/span> <span class=\"meta-nav\">&rarr;<\/span><\/a><\/p>\n","protected":false},"author":12,"featured_media":0,"parent":0,"menu_order":0,"comment_status":"closed","ping_status":"closed","template":"elementor_header_footer","meta":{"_acf_changed":false,"footnotes":""},"class_list":["post-12937","page","type-page","status-publish","hentry","has-post-thumbnail"],"acf":[],"publishpress_future_action":{"enabled":false,"date":"2026-05-13 03:51:43","action":"change-status","newStatus":"draft","terms":[],"taxonomy":"","extraData":[]},"publishpress_future_workflow_manual_trigger":{"enabledWorkflows":[]},"_links":{"self":[{"href":"https:\/\/www.cm12ernici.it\/index.php?rest_route=\/wp\/v2\/pages\/12937","targetHints":{"allow":["GET"]}}],"collection":[{"href":"https:\/\/www.cm12ernici.it\/index.php?rest_route=\/wp\/v2\/pages"}],"about":[{"href":"https:\/\/www.cm12ernici.it\/index.php?rest_route=\/wp\/v2\/types\/page"}],"author":[{"embeddable":true,"href":"https:\/\/www.cm12ernici.it\/index.php?rest_route=\/wp\/v2\/users\/12"}],"replies":[{"embeddable":true,"href":"https:\/\/www.cm12ernici.it\/index.php?rest_route=%2Fwp%2Fv2%2Fcomments&post=12937"}],"version-history":[{"count":55,"href":"https:\/\/www.cm12ernici.it\/index.php?rest_route=\/wp\/v2\/pages\/12937\/revisions"}],"predecessor-version":[{"id":13983,"href":"https:\/\/www.cm12ernici.it\/index.php?rest_route=\/wp\/v2\/pages\/12937\/revisions\/13983"}],"wp:attachment":[{"href":"https:\/\/www.cm12ernici.it\/index.php?rest_route=%2Fwp%2Fv2%2Fmedia&parent=12937"}],"curies":[{"name":"wp","href":"https:\/\/api.w.org\/{rel}","templated":true}]}}